*u + 35. Determine n(-52).
-121
Let i(w) = -w**3 + 57*w**2 + 11*w - 660. Determine i(57).
-33
Let x(n) = 146*n - 946. Determine x(6).
-70
Let h(j) = -2*j**3 + 6*j**2 - 7*j - 5. Determine h(2).
-11
Let y(i) = 183*i + 2092. Determine y(-7).
811
Let v(h) = -2*h**2 + 59*h + 664. Calculate v(-9).
-29
Let g(z) = z**2 - 69*z - 516. Calculate g(-7).
16
Let m(y) = y**3 + y**2 - 52*y - 10. Calculate m(6).
-70
Let o(i) = i**2 + 63*i + 641. Give o(-13).
-9
Let b(j) = -32*j**2 - j + 40. Calculate b(-5).
-755
Let q(a) = -4*a + 152. What is q(36)?
8
Let k(c) = -c**2 + 89*c - 423. Determine k(5).
-3
Let f(s) = 11300*s + 11309. Give f(-1).
9
Let k(q) = 191*q**2 - 71*q + 70. What is k(1)?
190
Let u(h) = 2*h**3 + h + 210. Calculate u(0).
210
Let g(m) = -2*m**3 + 16*m**2 + 17*m - 34. Calculate g(9).
-43
Let y(t) = -3*t**2 + 14*t - 6. What is y(5)?
-11
Let o(u) = -4*u - 130. What is o(-33)?
2
Let p(u) = 484*u + 1902. Give p(-4).
-34
Let q(d) = -398*d**2 - 11944*d - 111. Determine q(-30).
9
Let g(n) = -n**2 + 1057*n - 29818. Calculate g(29).
-6
Let y(n) = 2*n**2 - 63*n + 36. Determine y(35).
281
Let f(q) = q**3 + 3*q**2 - 25*q - 5. Give f(-8).
-125
Let b(r) = r**3 - 55*r**2 - 175*r - 21. Determine b(58).
-79
Let y(t) = 2*t**3 - 14*t**2 + 7*t + 3. Calculate y(5).
-62
Let l(q) = -102*q**2 - 809*q + 45. What is l(-8)?
-11
Let m(p) = -2*p**2 - 23*p + 19. Calculate m(-18).
-215
Let z(s) = -12*s + 251. Give z(18).
35
Let f(s) = 26*s**3 - 311*s**2 - 12*s + 19. Calculate f(12).
19
Let i(h) = 2*h**2 - 37*h - 65. Calculate i(20).
-5
Let g(q) = -q**2 - 12*q - 13. Give g(-6).
23
Let q(y) = 5*y**2 + 42*y - 13. What is q(-7)?
-62
Let y(q) = q**3 - 44*q**2 - 255*q - 13. Give y(49).
-503
Let i(h) = -2*h**2 - 45*h + 32. Give i(-16).
240
Let s(f) = 3*f**3 - 160*f**2 - 46*f + 5246. Calculate s(53).
-1
Let l(m) = 3*m**2 + 148*m - 1041. Give l(7).
142
Let p(m) = -m**3 + 14*m**2 - 10*m - 63. What is p(13)?
-24
Let y(q) = 40*q - 332. Calculate y(9).
28
Let c(g) = -144*g**2 + 711*g + 25. Give c(5).
-20
Let w(n) = n**2 + 195*n - 2056. Determine w(10).
-6
Let k(j) = -2*j**3 + 17*j**2 - 6*j - 13. What is k(9)?
-148
Let t(q) = -q**2 - 57*q + 2108. Determine t(25).
58
Let x(t) = 2*t**3 - 32*t**2 - 5*t - 85. Calculate x(16).
-165
Let j(g) = -g**3 - 43*g**2 - 76*g + 285. Give j(-41).
39
Let j(h) = -h**3 - 23*h**2 + 105*h - 86. Determine j(-27).
-5
Let a(u) = -2158*u + 12947. Calculate a(6).
-1
Let l(y) = -53*y + 181. Determine l(5).
-84
Let u(n) = 57*n**2 + 11*n + 6. Give u(-3).
486
Let w(z) = 8*z + 57. Give w(4).
89
Let w(a) = a**3 + 145*a**2 - 298*a - 569. Give w(-147).
19
Let k(g) = -46*g + 1503. Give k(33).
-15
Let i(u) = -4*u**2 + 28*u - 25. Calculate i(5).
15
Let s(t) = 3*t**2 + 58*t + 202. Calculate s(-6).
-38
Let n(h) = 4*h**2 - 86*h + 1. Determine n(22).
45
Let b(y) = y**3 - y**2 - 85*y - 114. What is b(-8)?
-10
Let b(p) = -8191*p - 114665. Give b(-14).
9
Let k(r) = -14*r + 993. What is k(70)?
13
Let r(i) = 296*i - 6514. Calculate r(22).
-2
Let k(w) = 7*w + 75. Calculate k(-24).
-93
Let n(z) = -365*z - 6. What is n(0)?
-6
Let o(k) = -k**3 + 13*k**2 - 42*k - 1. Give o(8).
-17
Let l(d) = -31*d**2 - 4559*d - 299. What is l(-147)?
-5
Let x(b) = 38*b + 111. Calculate x(-6).
-117
Let f(d) = -7*d**2 - 265*d + 311. Determine f(-39).
-1
Let r(f) = 4*f**3 - 3*f**2 + 16*f - 36. Give r(3).
93
Let w(q) = 234*q - 27371. What is w(117)?
7
Let u(x) = -x**2 + 31874*x + 255062. Give u(-8).
6
Let z(r) = -2*r**3 + 48*r**2 - 50*r - 37. What is z(23)?
-129
Let n(h) = 2*h**2 + 210*h + 1193. Calculate n(-6).
5
Let d(o) = 37*o**2 - 51*o - 1. What is d(2)?
45
Let q(x) = -52*x + 173. Give q(4).
-35
Let j(n) = 67*n**3 - 29*n**2 + 30*n. Give j(1).
68
Let l(n) = -4*n**3 + 32*n**2 - 52*n + 7. Determine l(5).
47
Let z(b) = -b**3 + 66*b**2 - 832*b + 8. Give z(17).
25
Let a(x) = -3*x**2 - 13*x + 281. Determine a(8).
-15
Let q(l) = -l + 43. Determine q(-7).
50
Let h(y) = -2*y**3 + 47*y**2 - 35*y + 280. Determine h(23).
4
Let b(g) = 3612*g + 61375. What is b(-17)?
-29
Let q(l) = -6*l**2 - 7*l - 43. Give q(-6).
-217
Let j(p) = 7*p**2 + 40*p - 108. Calculate j(3).
75
Let q(v) = 2*v**3 - 10*v**2 - 45*v + 7. What is q(8)?
31
Let x(u) = -3*u**2 - 28*u + 81. Give x(5).
-134
Let y(k) = 2*k**2 - 46*k - 4051. What is y(58)?
9
Let g(z) = z**3 - 73*z**2 + 66*z + 457. Determine g(72).
25
Let l(a) = a**3 + 11*a**2 - 544*a - 495. Determine l(19).
-1
Let p(j) = -26*j + 1603. What is p(66)?
-113
Let w(h) = 151*h + 607. Give w(-4).
3
Let t(l) = 3*l**2 - 4*l + 40. Calculate t(5).
95
Let d(p) = 3*p**3 + 15*p**2 - 18*p + 4. What is d(1)?
4
Let x(h) = -30*h**2 - 15*h - 6. Give x(4).
-546
Let p(l) = -l**3 + 51*l**2 + 59*l - 553. Give p(52).
-189
Let d(t) = t**2 + 11*t + 70. Determine d(-12).
82
Let a(t) = -6*t**3 + 63*t**2 + 13*t + 5. Give a(11).
-215
Let w(d) = -3*d**2 - 43*d + 125. Calculate w(3).
-31
Let i(w) = 183*w + 901. What is i(-5)?
-14
Let s(l) = 2*l**2 + 79*l - 2874. Determine s(23).
1
Let j(f) = -59*f - 1078. Give j(-18).
-16
Let l(m) = 2*m**3 + 6*m**2 + 6*m + 26. Give l(-3).
8
Let d(n) = 2*n**3 + 42*n**2 + 109*n + 33. Determine d(-18).
15
Let n(d) = d + 84. What is n(0)?
84
Let k(v) = 176*v**3 + 2*v**2 - v. What is k(-1)?
-173
Let r(x) = 978*x - 19553. What is r(20)?
7
Let k(v) = 2073*v - 194863. Calculate k(94).
-1
Let i(v) = -191*v + 7830. What is i(41)?
-1
Let s(d) = 8*d**2 - 250*d + 1492. Calculate s(8).
4
Let m(x) = 69*x + 10399. Calculate m(-151).
-20
Let v(l) = -129*l + 807. What is v(6)?
33
Let x(k) = k**2 + 26*k + 91. Give x(-18).
-53
Let l(x) = x**3 + 9*x**2 - 8*x + 2. Give l(-11).
-152
Let l(p) = p**3 + 6*p**2 - 31*p + 49. What is l(-11)?
-215
Let y(q) = q**3 - 12*q**2 + 25*q - 33. Determine y(6).
-99
Let a(d) = -72*d - 94. Give a(-1).
-22
Let l(u) = 2*u**2 + 22*u + 100. Determine l(-8).
52
Let w(r) = r**2 + 51*r + 645. Determine w(-29).
7
Let x(j) = j**3 - 44*j**2 + j + 122. What is x(44)?
166
Let r(u) = -179*u + 1443. Give r(8).
11
Let m(w) = 132*w**2 - 266*w - 3. Calculate m(2).
-7
Let h(f) = -314*f - 6612. What is h(-21)?
-18
Let h(o) = -3*o**2 + 12*o + 70. Determine h(-5).
-65
Let r(c) = c**2 + 13*c - 29. Calculate r(9).
169
Let a(u) = -901*u + 1830. What is a(2)?
28
Let u(n) = n**2 + 26*n - 73. What is u(-31)?
82
Let g(l) = 21197*l + 21202. Determine g(-1).
5
Let q(x) = -21*x**2 - x + 9. What is q(1)?
-13
Let z(l) = -2*l**2 - 3436*l + 3437. Determine z(1).
-1
Let b(v) = -8*v**2 + 5*v - 24. Give b(6).
-282
Let r(a) = 207*a**3 + a**2 - 17*a + 18. What is r(1)?
209
Let z(m) = -141*m - 316. Determine z(-2).
-34
Let j(d) = 60*d**2 - 659*d - 18. Give j(11).
-7
Let q(b) = -b**3 - 2*b**2 + 56*b - 211. Give q(4).
-83
Let a(v) = -2*v**3 - v**2 - 14*v - 33. Calculate a(-2).
7
Let x(d) = d**3 + 5*d**2 + 435*d + 1291. Determine x(-3).
4
Let m(l) = 22*l**2 - 43*l + 154. What is m(5)?
489
Let p(n) = -n**2 + 18*n + 319. What is p(28)?
39
Let n(g) = -67*g + 409. Give n(8).
-127
Let t(x) = -16*x**3 + 7*x**2 - 233*x - 238. Determine t(-1).
18
Let s(u) = -u**3 + 9*u**2 - 39*u - 4. Calculate s(4).
-80
Let m(u) = u**2 - 16*u + 9. Calculate m(15).
-6
Let s(v) = -92*v + 557. Calculate s(6).
5
Let h(g) = g**3 + 14*g**2 - 47*g + 9. Give h(-16).
249
Let r(c) = c**3 + 15*c**2 + 21*c + 108. Give r(-14).
10
Let s(t) = 6499*t + 103987. Determine s(-16).
3
Let w(c) = -c**2 + 84*c + 270. What is w(-3)?
9
Let m(w) = -w**3 - 104*w**2 - 389*w + 1087. What is m(-100)?
-13
Let h(y) = -6*y**3 + 172*y**2 + 60*y - 57. Give h(29).
1
Let t(h) = -42*h + 41. What is t(-3)?
167
Let z(q) = -16*q - 150. What is z(-13)?
58
Let t(r) = 3*r**2 + 99*r + 9. Determine t(-33).
9
Let p(o) = -206*o**2 - 2061*o - 21. Give p(-10).
-11
Let z(v) = -121*v - 4251. What is z(-35)?
-16
Let p(q) = q**3 - 5*q**2 + 51*q - 248. Give p(5).
7
Let u(x) = -95*x + 466. Determine u(5).
-9
Let i(k) = -67*k + 765. Give i(7).
296
Let n(f) = -40*f - 359. Calculate n(-9).
1
Let o(k) = -k**2 - 18465*k - 129197. Calculate o(-7).
9
Let x(l) = 2*l**3 + 59*l**2 + 390*l - 14. Give x(-10).
-14
Let v(j) = 3*j**3 + 26*j**2 + 14*j - 5. Determine v(-8).
11
Let x(y) = y**2 + 113*y - 4204. Calculate x(30).
86
Let w(a) = -a**2 + 74*a - 1046. Give w(19).
-1
Let y(d) = 7*d - 262. Give y(-25).
-437
Let z(a) = a**3 + 14*a**2 + 25*a. Determine z(-13).
-156
Let c(l) = 13*l**2 + 186*l - 193. What is c(1)?
6
L